?
7
Let l be -10*(-4)/(-32)*-4. Suppose -l*y + 3*a - 13 = -64, 2*a = 3*y - 31. What is the highest common divisor of y and 9?
9
Let u(x) = 4*x - 7. Let d be u(-5). Let y = d - -43. Let j = 11 + -3. What is the highest common factor of y and j?
8
Suppose d + 5 = 8. Suppose 3*j = -4*b + 5*b - 30, 2*b - 46 = -j. Calculate the greatest common divisor of d and b.
3
Suppose -2*c = 5*y - 18 - 9, 37 = 3*c + 4*y. Let j = 18 - c. Suppose -7*f + 23 = -75. What is the highest common factor of j and f?
7
Suppose -2*l = -n + 3, -l + 5*l = -3*n + 39. Calculate the highest common factor of 63 and n.
9
Suppose 0 = 3*y - 9, 2*a - 4*a + 4*y = -14. What is the greatest common divisor of a and 52?
13
Let n(f) = 73*f**3 - 1. Let a be n(1). Suppose 7 = 2*l - 19. Let g = l + -5. Calculate the highest common divisor of g and a.
8
Let k = -55 - -97. What is the highest common factor of 28 and k?
14
Let r be 9/(-6)*(-4)/3. Suppose -j + r = -5. Suppose -j*i = -2*i - 115. What is the greatest common factor of i and 23?
23
Let u(s) = 2*s + 0*s - 1 - 2*s + 26*s**2. Let o be u(1). Let b = 1 - -9. Calculate the highest common divisor of b and o.
5
Let o(s) = -92*s. Let p(u) = 31*u. Let c(j) = -5*o(j) - 14*p(j). Let q be c(1). Calculate the greatest common factor of q and 13.
13
Let u = -4 + 13. What is the greatest common factor of u and 9?
9
Let n(a) = 18*a - 2. Let t be n(1). What is the greatest common factor of t and 64?
16
Let n be (-5)/2*(-8)/10. Let j = n - 0. Let x be 9/(-1 + 4 - j). Calculate the highest common divisor of 9 and x.
9
Let o be (-8)/(-3) - 1/(-3). Let k(b) = 10*b**2 + b - 2. Let i be k(o). Suppose w - 107 = -94. What is the highest common factor of i and w?
13
Let a = 238 - 148. What is the highest common divisor of a and 10?
10
Let d(f) = -2*f**2 + 3*f + 7. Let q be d(6). Let m be q/(-4) + 1/4. Let k be (-8)/((2 - 1)*-2) - 0. What is the greatest common divisor of m and k?
4
Let i = 118 + -79. What is the highest common factor of 26 and i?
13
Suppose 12 = 3*c - 2*c. What is the greatest common factor of 12 and c?
12
Let f(s) = 14*s - 1. Let y be f(-1). Let a = 29 + y. Calculate the greatest common factor of 14 and a.
14
Suppose -4*n + 1982 = -a, -3*n + 8*n + 4*a = 2467. Calculate the highest common divisor of n and 45.
45
Let b be (-2)/(-2) - (-1 - 9). Let g = -5 + b. Suppose 2*t - 6 = 0, 0 = -2*q - t - 3*t + 16. What is the highest common factor of q and g?
2
Let v be (-2 - 6)*7/(-4). What is the highest common factor of v and 56?
14
Let r = -11 + -4. Let g be (-15 - 1)/(10/r). Calculate the greatest common factor of 60 and g.
12
Let r(k) be the first derivative of 9*k**2/2 - 1. Let w be r(1). Suppose 0 = -3*l + 2*l + 9. Calculate the greatest common factor of l and w.
9
Suppose 1 = j - 17. Calculate the highest common factor of 9 and j.
9
Let h be (6/(-4))/((-5)/(-10)). Let w be h/((-3)/(-2)) - -2. Let f(o) = o + 99. Let k be f(w). What is the highest common divisor of 9 and k?
9
Suppose -42 = -3*k + 18. Calculate the greatest common factor of k and 30.
10
Suppose 2*a - 35 = -c, 3*c + a - 56 = 49. Let x(k) = -k**2 + 6*k + 7. Let t be x(6). Calculate the greatest common divisor of t and c.
7
Suppose -14 - 40 = -2*z. Calculate the highest common divisor of z and 36.
9
Suppose -3*g - 6 = -2*c - g, -2*g + 12 = 4*c. Suppose c*x = 5*d + 599, 707 - 114 = 3*x + d. What is the highest common factor of x and 18?
18
Let c(q) = q**3 - 18*q**2 + 17*q - 11. Let g be c(17). Let f = -17 - 2. Let w = g - f. Calculate the greatest common factor of w and 2.
2
Suppose 3*y + y = 8, y + 10 = 4*w. Calculate the greatest common divisor of 69 and w.
3
Suppose -q = -0*q - 348. Let n = -236 + q. What is the greatest common divisor of n and 16?
16
Suppose -19 - 41 = -4*l. Suppose -2*y = y - l. Suppose 19 = c - y*f, 5*c - 4*f - 92 = c. Calculate the highest common divisor of c and 16.
8
Let f be 3/9 - 358/(-6). Calculate the highest common factor of 150 and f.
30
Suppose -r - 73 = -5*j, -3*r = -0*j + 5*j - 61. Suppose 0*h - 2*h = -24. Suppose h + 9 = 3*z. Calculate the highest common divisor of z and j.
7
Suppose 20 = 2*m - 176. What is the greatest common divisor of m and 14?
14
Let x = -108 + 116. Calculate the greatest common divisor of x and 1.
1
Let j(o) = -6*o**2 + 4*o - 4*o - 2. Let q be j(4). Let h be q/(-4)*36/21. What is the greatest common divisor of h and 6?
6
Let b(s) = -s**3 + s + 95. Let n be b(0). What is the greatest common factor of 38 and n?
19
Let d = 77 - -77. Suppose -z = 2*x - 0*x - 22, 0 = -5*z - x + 110. What is the greatest common divisor of z and d?
22
Let l be 1/(-2)*(5 + -15). What is the greatest common factor of l and 2?
1
Let k = -120 + 186. Calculate the greatest common factor of k and 6.
6
Let c = 48 + -24. What is the highest common factor of 8 and c?
8
Let n be 3/(-4) - (-62)/8. Suppose -3*v - 8 = 2*f - f, -5*f - n = 4*v. Calculate the highest common factor of 3 and f.
1
Suppose 3*a - a = 4. Suppose a*o = 35 - 11. What is the highest common divisor of o and 48?
12
Let d be 2/(-4) + 42/(-4). Let n(o) = -o**3 - 10*o**2 + 10*o. Let u be n(d). Let m(p) = 29*p - 3. Let s be m(2). What is the greatest common divisor of s and u?
11
Let m be 7*-1 - 3/(-1). Let l be (7/m)/((-2)/104). Calculate the highest common factor of 13 and l.
13
Let g(n) = n**2 + 6*n + 7. Let i be g(-6). Calculate the greatest common divisor of 21 and i.
7
Let z = -37 + 22. Let b = z + 21. Suppose -y + 2*x - 8 = -5*y, 2*y = -3*x + 4. Calculate the highest common divisor of y and b.
2
Let o be (80/2)/((-8)/(-16)). Calculate the highest common factor of o and 16.
16
Suppose 4*q + 16 = 0, 0 = 4*o - 5*o + 5*q + 44. What is the highest common divisor of 72 and o?
24
Let o be -2 - -19*(-1 + 2). Suppose -129 = -2*s - 61. What is the highest common divisor of s and o?
17
Let u(m) = m**2 + m + 10. Let y be u(-8). Calculate the highest common factor of y and 22.
22
Let m be (-6 - -5)/((-2)/10). Suppose 253 = m*q - 102. Let y = q + -50. What is the highest common factor of 7 and y?
7
Let t(k) = 5*k + 2. Let x(s) = -4*s - 2. Let p(w) = -2*t(w) - 3*x(w). Let l be p(2). Calculate the highest common divisor of 48 and l.
6
Let p be ((-20)/4)/(1/(-5)). Suppose -3*d + 0*t = -t - 32, -4*t = -2*d + 18. Let c = d - 6. Calculate the highest common factor of c and p.
5
Suppose -2*a + 26 = 4*v - 128, 0 = -4*v - a + 149. Suppose -h - 4*k = -6*h + 250, 2*k - 172 = -3*h. Calculate the highest common divisor of h and v.
18
Let q = -48 + 108. Calculate the greatest common divisor of 6 and q.
6
Let o = 1 - -25. Suppose 2*t = -4, 2*z = -t - t + o. Calculate the greatest common divisor of z and 15.
15
Let d be 2*-1*2/(-1). What is the highest common factor of 36 and d?
4
Let b be (-65)/(-3) - (-1)/3. Let r(o) = -o**3 - 2*o**2 + 4*o + 4. Let z be r(-3). Let h be 54 - -2 - (z + 0). What is the greatest common factor of b and h?
11
Let h = 634 + -628. Let j be (-6)/(-4)*(-4)/(-3). Suppose -r - 4*p + 8 = 0, 4*r - 5*r + j*p + 2 = 0. What is the greatest common divisor of r and h?
2
Suppose -3*y + 6 = -12. Calculate the highest common factor of 12 and y.
6
Suppose n + 2*a - 214 = a, -5*a - 220 = -n. Let t = -85 + n. Let l(x) = x**2 + 5*x + 7. Let d be l(-6). What is the highest common factor of t and d?
13
Suppose 2*z + 50 = 3*z. Calculate the greatest common factor of 10 and z.
10
Suppose 6 = 2*d - 0. Suppose 40 = -d*p + 8*p. Suppose 2*w = -0*w + 80. Calculate the greatest common divisor of w and p.
8
Let d be ((-51)/6)/(7/(-14)). What is the greatest common factor of d and 119?
17
Let k(b) = -b**2 + 12*b - 17. Let i be k(9). What is the highest common divisor of i and 4?
2
Let j be ((-270)/3)/(3 + (-18)/4). Calculate the greatest common factor of j and 24.
12
Suppose -3*z + 3*g + 155 = 2*z, 5*z = -g + 155. Suppose -2*y = -3 - 35. Let s = z - y. What is the greatest common factor of s and 12?
12
Let a = 27 + 3. What is the greatest common divisor of 10 and a?
10
Let f = 0 + 3. Let a(o) = -f - o - o + 0*o. Let p be a(-4). Calculate the highest common factor of 25 and p.
5
Let w(m) = -69*m**2 + 4*m - 2. Let a be w(2). Let i be 16/6*a/(-12). What is the greatest common divisor of 15 and i?
15
Let f(g) = -3*g - 30. Let s be f(-12). What is the greatest common divisor of s and 42?
6
Suppose u + 4*k = 71 - 3, 5*u + 3